1 - 3*a + 2 - 2 - 4. Let s be 0 - (1 + (-2)/(-2)). Give o(s).
3
Let y(s) = s**3 + 3*s**2 - 3*s - 1. Let v be (-3)/(-2) - (-1)/2 - 5. Give y(v).
8
Let b = -19 - -17. Let y be ((3 - b) + -3)*1. Let u(x) = x**3 - 3*x**2 + x. What is u(y)?
-2
Let k(q) = 23*q**2 - 3*q - 46*q**2 + 22*q**2. What is k(-2)?
2
Let x(z) be the third derivative of -z**4/24 - z**3/3 + 2*z**2. Suppose s + 3*a + 3 = -2*s, 4*a = 20. Determine x(s).
4
Let a(k) be the second derivative of k**4/12 + 5*k**3/6 + 3*k**2/2 + 3*k. Determine a(-6).
9
Let y = -5 - -7. Let i(n) = 4*n**2 - 2*n + 1. Let o be i(1). Let f(m) = 6*m**2 - 4*m**2 - 2 - 5*m**3 + 2*m + 3*m**o. Calculate f(y).
-6
Let f(v) = -v - 9. Suppose 4*o - 23 = 4*q - 67, -47 = 5*o - 3*q. What is f(o)?
-2
Let d(b) = b**2 - b + 1. Let t be -1*(-1 - (0 - -2)). What is d(t)?
7
Let s(i) be the third derivative of 1/6*i**4 + 0*i + 0 - i**2 - 1/60*i**5 - 1/2*i**3. Suppose -f - 10 = -2*r, -3*r = -r + 3*f + 6. Calculate s(r).
0
Let c(o) = 3 - o + 3 - 2 - 2. Let j(a) = -4 + 10*a - 1 + 0 - a**2. Let w be j(9). Determine c(w).
-2
Let d(c) = 7*c**3 - 13*c**2 + 13*c - 19. Let f(z) = -3*z**3 + 7*z**2 - 7*z + 10. Let l(j) = 2*d(j) + 5*f(j). Calculate l(8).
4
Let m(v) be the first derivative of -3 - 5/2*v**2 + v + 1/6*v**3. Let n(y) be the first derivative of m(y). What is n(0)?
-5
Let f(a) = 0*a + 5*a**2 - 1 + 11*a - 9*a. Give f(1).
6
Let p(d) = -5 - 4*d + d - d**2 - d. Let x be (-7)/4 - 2 - 4/16. Give p(x).
-5
Let x(l) = l**3 - 3*l**2 + 2*l + 4. Let r(m) = -m**3 - 4*m**2 - 3*m - 1. Let j be r(-2). Let y be 3 - ((2 - -1) + j). Calculate x(y).
10
Let d = 13 - 8. Let s(y) be the third derivative of 1/12*y**4 + 0 - 1/60*y**5 + 0*y - 3*y**2 + 7/6*y**3. Calculate s(d).
-8
Let x(t) = 0*t + 2*t + t. Calculate x(1).
3
Let h = -9 - -13. Let u(j) be the first derivative of j**6/360 - j**5/30 - j**4/8 - j**3/3 + 1. Let w(a) be the third derivative of u(a). Give w(h).
-3
Let t(n) be the second derivative of n**5/20 + n**4/3 - 5*n**3/6 + 3*n**2 - 4*n. Determine t(-5).
6
Let r(h) = 2*h**3 - 3*h**2 + 1. Let c be r(2). Suppose 3*s - 18 = -2*k - 0*s, -c*s + 29 = 3*k. Let n(q) = -2*q - 1. Give n(k).
-7
Let f(v) = -v**3 + 5*v**2 + v - 7. Let c be (1/2)/((-4)/72). Let w be c/(-12) - (-51)/12. Give f(w).
-2
Let g(u) be the second derivative of u**4/12 - 2*u**3/3 + u**2 + 4*u. Suppose 4*i + 2*q - 8 = 0, -5*q + 8*q + 16 = i. Calculate g(i).
2
Suppose 0 = -5*u - 5*s + 40, 4*s = -u + 8*s + 8. Suppose p - 5*p - u = 0. Let b be p/3*18/(-3). Let c(m) = m**3 - 3*m**2 - 6*m + 2. Determine c(b).
-6
Let g(k) = -4*k**2 + 12*k + 11. Let p(s) = 3*s**2 - 11*s - 10. Let n(w) = 4*g(w) + 5*p(w). What is n(-5)?
4
Let m(s) = 4*s - 2. Let z be m(3). Suppose -4*q = -2*t + 2, -t - z + 5 = -5*q. Let f(d) = 1 - q*d**3 - 2 - 5*d**2 + 3*d**3 + d. Calculate f(5).
4
Let m(u) = -7*u**2 - u - 5. Let h(q) = 6*q**2 + q + 6. Let j(k) = 4*h(k) + 5*m(k). What is j(-1)?
-11
Suppose -5*m + 0*m = -25. Let t(z) = z. What is t(m)?
5
Suppose v + 0*v - 6*v = 0. Let n(k) = k - 2 - 2*k + 0*k. Determine n(v).
-2
Let t be (1/(-3) - -2)*(-4 - -1). Let c(v) = v**3 + 5*v**2 + v - 3. Calculate c(t).
-8
Let t(p) be the first derivative of 2*p - 1/2*p**2 - 7. Determine t(5).
-3
Let r(l) = l**2 + 4*l - 1. Let k be 1/6 + (-53)/(-6). Suppose -k = -5*a + 8*a. Determine r(a).
-4
Let a = 2 - 4. Let k be (a/(-4))/(1/6). Let b(r) = r - 1. Calculate b(k).
2
Let i(j) = j + 2. Let y(w) = 4 - 5 - 3*w - 1 - 3. Let p(o) = -5*i(o) - 2*y(o). Determine p(5).
5
Let i(d) be the first derivative of -d**4/4 - d**3 + 2*d**2 + 4*d - 8. Calculate i(-4).
4
Let c = -13 - -7. Let z = c - -3. Let b(i) = 2*i**2 + 3*i + 1. Determine b(z).
10
Let x(l) be the third derivative of 0 + 0*l**3 - l**2 + 5/24*l**4 + 0*l. What is x(-2)?
-10
Let h(g) = -g - 8. Let r(j) = -6 - 4*j + 3 - 3*j + 6*j. Let c be (-2 + 1 - 0) + -2. Let u be r(c). What is h(u)?
-8
Let s(n) = -5*n**2 + 6*n - 22. Let v(h) = 4*h**2 - 7*h + 21. Let i(l) = -3*s(l) - 4*v(l). Determine i(8).
-2
Let r(m) = -m + 10. Let b be r(10). Suppose 4*a + b = -2*x + 18, 0 = 3*x - 4*a + 3. Let w(n) = -2*n**2 + 3*n + 2. Determine w(x).
-7
Let j(p) = 2*p**2 - 5 - 5*p**2 + 4*p**2. Let w be 6/(-4)*(-140)/42. Suppose w*d - 30 = -10. Give j(d).
11
Let x(h) be the second derivative of h**4/12 - h**2 - 3*h. Suppose 0 = -4*k - 0 + 4. Let i(n) = n**3 + 2*n - 1. Let j be i(k). What is x(j)?
2
Suppose -6 = -2*i + 2*o, 4*o = -9*i + 4*i + 24. Suppose -i*d = -0 + 4. Let u(z) = 3*z - 4*z**3 - 3*z + z**2 + z. Calculate u(d).
4
Suppose -p + 0*p = 5. Let f(k) = -9*k. Let m = -11 - -16. Let j(b) = 5*b. Let z(c) = m*j(c) + 3*f(c). Determine z(p).
10
Let p(d) = 3*d + 9 - 10 + 4*d**2 - 3*d. Give p(-2).
15
Let m(s) = -3*s**2 - 2*s - 6. Let o(x) = -x**2 - 1. Let p(d) = m(d) - 5*o(d). Let b be 2 + (-9 - 0) - -1. Let k(l) = l + 5. Let y be k(b). Determine p(y).
3
Let c(l) be the first derivative of -l**4 + l**3 + l**2/2 + 5*l - 7. Let m(o) = 5*o**3 - 4*o**2 - o - 6. Let g(k) = -6*c(k) - 5*m(k). What is g(1)?
0
Let s(c) = -c**2 - 9*c - 9. Let t be s(-8). Let k(q) = -3*q**2. Give k(t).
-3
Let i(l) be the second derivative of -l**3/2 - l**2 + 2*l. Let s(j) = -j**2 + 8*j - 8. Let q be s(6). Suppose 2*g = -2*r + 14, 2*g = -r + q*g - 8. Give i(r).
-8
Let s(b) be the third derivative of -b**6/120 - b**5/12 + b**4/3 - b**3/3 - 4*b**2. Give s(-6).
-14
Let u(j) = 4*j - 1. Suppose -z + 0*z + 3*v = 0, -3*z + 5 = -4*v. Give u(z).
11
Let t(q) = q + 6. Let f(a) = -7. Let s(d) = 5*f(d) + 6*t(d). What is s(2)?
13
Let j(y) = -3*y**3 - y**2 + y. Let g be ((-2)/(-4))/(13/26). Calculate j(g).
-3
Let c(o) be the second derivative of -o**4/12 - o**3/3 - 3*o**2/2 - 2*o. Give c(-3).
-6
Let p(i) = -i**3 + i**2 + 2*i. Let b(h) = h**2 + 7*h + 3. Let t be b(-7). Let q = t - 1. Calculate p(q).
0
Let p be (-2)/(-1) + (0 - -1). Let s(w) = 4*w + 5*w**2 + p*w**3 - w + 1 + 0*w - 2*w**2. Calculate s(-2).
-17
Suppose 0 = -4*a - a - 5, w + 3*a + 8 = 0. Let v(n) = -n**2 - 7*n - 2. What is v(w)?
8
Suppose 3*d - 4*k + 8 = 0, k - 2 = d - 0*d. Let v(n) = n**3 + n**2 - 6. What is v(d)?
-6
Suppose 0 = -2*v + 6*v + 2*q - 2, -q = -3*v - 11. Let y(n) = -2*n**2 - n - 1. Give y(v).
-7
Let q(w) = w**3 + w**2 + w + 1. Let p(k) = 2*k**3 + 7*k - 1. Let u(t) = p(t) - 3*q(t). Determine u(-4).
-4
Let s(u) = u**2 - u. Suppose -2*n - 1 + 15 = 4*h, 0 = -2*n + 4*h - 18. What is s(n)?
2
Let t be -6*-2*2/8. Suppose t*f + 30 = d + 2*d, 4 = 2*f. Let h(p) = 17 - 5*p - d + 4*p - p**2. What is h(0)?
5
Let w(n) = 2*n**3 + n**2 - 3*n + 1. Suppose -4*c - 12 = -0*c. Let i(u) = -u - 3*u - 2*u**2 + u**2 + 5*u. Let s(j) = c*i(j) - w(j). Determine s(-1).
3
Let m(f) = 2*f. Let o be 22/(-4) + 4/8. Let v be o + 2 - (0 - 2). Let s be m(v). Let b(w) = w - 1. Calculate b(s).
-3
Let z(f) = -f**2 - 2. Let w(g) be the first derivative of -g**2/2 + 3*g + 3. Let c be w(2). Let m be 3 + 1/(-1) + c. Determine z(m).
-11
Let q(k) = k**3 + 6*k**2 + 5*k + 6. Let v(p) = p**3 - p - 2. Suppose 0 = -2*x - 6*d + 3*d, 2*x = 5*d. Let o be v(x). Let f be (o + 2)/1 - 5. Determine q(f).
6
Let s be ((-3 - -3)/4)/2. Let q(m) = -m**3 - m**2 - m + 6. Give q(s).
6
Let t(s) = 3*s**3 + 18*s**2 - 5*s - 11. Let y(c) = -2*c**3 - 12*c**2 + 3*c + 7. Let j(n) = 5*t(n) + 8*y(n). Determine j(-6).
7
Let c(w) = 2*w**2 - 2*w + 7. Let l(r) be the first derivative of -r**3/3 + 3*r**2/2 - 7*r + 1. Let q(x) = 2*c(x) + 3*l(x). Determine q(-5).
-7
Let s(d) = -d + 1. Let b(w) = w**2 - 5*w + 1. Let i(o) = -b(o) + 2*s(o). What is i(4)?
-3
Suppose 4*j - 3*j = 5*a + 25, 28 = 4*j + 4*a. Let p(k) = k - 10. Calculate p(j).
0
Let l(c) = -c - 4 + 3*c + c**2 + 3. Let q be (-6)/(-27) + (-76)/18. What is l(q)?
7
Suppose -5*t + 39 - 10 = 2*i, t = -4*i + 13. Let s(b) = -b + 0*b + b**2 - b**3 + 0*b + 0*b**i. Let w be 4 - 1/(1/2). What is s(w)?
-6
Suppose 11 = -u + 5*i, -4*i - 3 + 1 = u. Let y(l) = -l - 12. Determine y(u).
-6
Let b = 30 - 39. Let w(k) = k + 8. Determine w(b).
-1
Let f(q) = -q**3 + 9*q**2 - 10*q + 4. Let a be f(8). Let s = a - -17. Let p(c) be the first derivative of -c**4/4 + 4*c**3/3 + 2*c**2 + 6*c + 1. Give p(s).
1
Let w(g) = -30*g**3 - 4*g**2 + 5*g - 5. Let l(s) = 29*s**3 + 5*s**2 - 6*s + 6. Let v(j) = 5*l(j) + 6*w(j). Calculate v(-1).
36
Let g(m) = m - 6. Let v(q) = -1. Let u(s) = g(s) - 4*v(s). Let f be (-2)/(-3)*(-18)/4. Let p(a) = -a + 